alculate the remainder when i is divided by (-4)/(-6) + 37/3.
11
Suppose -24 = -2*u - 4*k, 2*u + 14 + 2 = 4*k. Let m = 10 - -3. Calculate the remainder when 3 + (0/u - (1 - 20)) is divided by m.
9
Calculate the remainder when 6 is divided by (3/12)/(56/224).
0
Let f be (10 + -12)/((4/(-63))/(-2)). Calculate the remainder when 77 is divided by (22/(-6) + 1)/(21/f).
5
Let m(r) = 31*r - 655. What is the remainder when m(50) is divided by 39?
37
Suppose 3*c + 5*s = 56, c + 8 - 26 = -s. What is the remainder when c is divided by 8?
1
Let g(s) = -s**3 + 4*s**2 + 10*s + 1. Let j be g(-4). Calculate the remainder when (j - -3) + 3*(0 - -1) is divided by 16.
15
Suppose -3*h - 217 = 25*y - 27*y, 5*y - 485 = -4*h. Calculate the remainder when y is divided by 35.
31
Suppose -s + 2996 - 582 = v, -2*s - 7257 = -3*v. What is the remainder when v is divided by 78?
77
Let a = 43 + -42. Suppose 5*x - 114 = a. Calculate the remainder when 137 is divided by x.
22
Let q(u) = 2*u**3 - 2*u + 23. What is the remainder when 60 is divided by q(0)?
14
Let j(p) = -p**3 - 31*p**2 + 101*p - 28. Calculate the remainder when 198/7 - 2/7 is divided by j(-34).
4
Suppose -2*n + 448 = 3*f, 3*f + 452 = 6*f + 4*n. Let u = f - 143. What is the remainder when 17 is divided by u?
2
Suppose 217 = 5*f - 53. Let s = 34 + f. Suppose -21 = -i + 2*w, 4*i = 2*w + 40 + 26. What is the remainder when s is divided by i?
13
Let u(o) = 7*o + 1. Suppose 4*f - 16 = -2*d, 2*f + 5*d + 0*d - 24 = 0. Let q be u(f). Suppose -6*v = -v - q. Calculate the remainder when 10 is divided by v.
1
Let j = -1049 + 1060. Suppose 0 = -6*n + 180 + 126. Calculate the remainder when n is divided by j.
7
Let p = 27 + -25. Let j be p*5*(-5 - -1). What is the remainder when (-552)/j + 1/5 is divided by 4?
2
Let b(v) = 9*v**2 + 8*v - 4. What is the remainder when b(2) is divided by (-6)/3 + 38/2?
14
Let b(n) = -n**2 - 28*n + 276. Calculate the remainder when b(-28) is divided by 86.
18
Suppose -22 = 5*w + 8. Calculate the remainder when (4 - 9 - -94)/1 is divided by (46/(-4))/(w/12).
20
Suppose -119 = -h + 5*c + 89, -4*h = -4*c - 864. Calculate the remainder when h is divided by 73.
72
Suppose 18*g + 709 = 727. What is the remainder when ((4 - 2) + 0)*1 is divided by g?
0
Let k = -102 - -169. Suppose -90 = -592*v + 587*v. Calculate the remainder when k is divided by v.
13
Suppose k + 81 = 4*k. Let h = -43 + k. What is the remainder when 77 is divided by 1/(-4) - 420/h?
25
Let x = 1968 - 1915. Calculate the remainder when 56 is divided by x.
3
Let o = 273 - 233. Let r(n) = n**2 + n + 1. What is the remainder when o is divided by r(-3)?
5
Let k = -30 + 26. What is the remainder when 37 is divided by 10*(1 + 0/k)?
7
Suppose 4*t + 5*b = 2*t + 121, -b = 4*t - 215. Calculate the remainder when t is divided by 2.
1
Let v(w) = -w**3 - 9*w**2 - 7*w + 10. Let d be v(-8). Calculate the remainder when (-6)/2 + 370/d is divided by 23.
21
Suppose 0*h - 2*r = -2*h + 6, -16 = 4*r. Let b = 18 + -10. What is the remainder when 14 - h - (1 - 0) is divided by b?
6
Let s = 29 + -17. Suppose -940 = -13*o + 282. Calculate the remainder when o is divided by s.
10
Let o(w) = -w + 25. Suppose 27 = 5*v + 3*b, -2*b - 5 = 3*b. What is the remainder when 54 is divided by o(v)?
16
Let g(o) = 3*o**2 - 2*o + 2. Suppose 0*b - 3*x = -2*b + 61, 0 = -3*b + 3*x + 87. What is the remainder when b is divided by g(2)?
6
Suppose 30*i - 2947 = 833. Calculate the remainder when i is divided by 66.
60
Let x(m) = -2*m - 6. Let n be x(-4). Let p(o) = 5*o - n*o - 14 + 4. Calculate the remainder when p(6) is divided by 4.
0
Let s = -623 - -665. Calculate the remainder when 124 is divided by s.
40
Let v = -94 - -153. What is the remainder when v is divided by 17?
8
Let l be -1 + 5 + 560/(-5) + 2. Let g = 118 + l. What is the remainder when 42 is divided by g?
6
Suppose -3*o - 5*l = -6*o + 322, -l = 4*o - 437. What is the remainder when o is divided by 13?
5
Let c = -323 - -324. Calculate the remainder when 35 is divided by c.
0
Let j(u) be the first derivative of -u**4/4 - 7*u**3/3 - 5*u**2 - 10*u + 5. Calculate the remainder when j(-8) is divided by 34.
32
Let n = 519 - 418. What is the remainder when 501 is divided by n?
97
Suppose 5*z = -3*u + 48, 4*u = 4*z - 0*u - 64. Let l(w) = 7*w - 4*w - 2*w + z. Calculate the remainder when l(-11) is divided by 1.
0
Let a(i) = -11*i - 78. What is the remainder when a(-19) is divided by 44?
43
Suppose 11*j + 3*j = 1050. What is the remainder when j is divided by 27?
21
Let z = 1051 + -1046. Suppose 5*y + 4*p - 48 = -0*y, -3*y + 5*p = -51. Calculate the remainder when y is divided by z.
2
Suppose 5*v + 38 = 98. Suppose -v = 3*i - 42. What is the remainder when 39 is divided by i?
9
Let t be (-1 - -111)*(-5)/10. Let a = -35 - t. Suppose -16 = -2*c + a. Calculate the remainder when 52 is divided by c.
16
Suppose -2*b - 4*d = -0*d - 14, 5*d - 35 = -5*b. Let x(j) = -j**2 + 11*j - 8. Let w be x(b). What is the remainder when 27 is divided by w/(-4) + 3 + 9?
6
Let d = 109 + -146. Let z = 61 + d. What is the remainder when 95 is divided by z?
23
What is the remainder when 4/(-14) + (-100)/(-7) is divided by (-3)/2*(-54)/27?
2
Suppose 5*x - 3*g - 4 = 18, 3*g + 6 = -3*x. Suppose -p - 21 = x*p. Let v = 22 + p. Calculate the remainder when v is divided by 8.
7
Let d(l) = 2*l**2 - 41. What is the remainder when 40 is divided by d(-5)?
4
Let l be (((-21)/(-2))/1)/((-27)/(-72)). Suppose -4*r = -14 + 2. Suppose l = -u + r*u. What is the remainder when 53 is divided by u?
11
Suppose -5*r + 3 = -2*p, -2*p + r - 4 = -5. Let z be 1 + 570/(-14) + 10/(-35). What is the remainder when z/10 + 8/1 is divided by p?
0
Let z(p) = -7 + 11 + 2 - p + 21. Calculate the remainder when z(-11) is divided by 13.
12
Suppose -2*z + 2 = -0*i + 2*i, 0 = i + 2*z + 4. Calculate the remainder when (-82 - -4)/(i/(-4)) is divided by 11.
8
Suppose -4*w - w = 35. What is the remainder when w - -9 - (-45 + 0) is divided by 12?
11
Let v(x) = 3*x - 2. Let a(q) = 4*q + 33. Let k be a(-6). Calculate the remainder when 98 is divided by v(k).
23
Let n(w) = -12 + 11*w + 5*w - 14*w. Calculate the remainder when 19 is divided by n(11).
9
Let y be 38/5 + 18/45. Let k = y - 0. What is the remainder when 15 is divided by k?
7
Let q = -13 + 25. Let r = 25 - q. Calculate the remainder when r is divided by 5.
3
Suppose 6 = -6*o + 4*o, -47 = -4*t + o. What is the remainder when 84 is divided by t?
7
Suppose 7*m - 6*m = 0. Suppose r - 6*f + 2*f = -4, -3*r - 5*f - 80 = m. Calculate the remainder when 57 is divided by (-3)/(-2 - -8)*r.
7
Suppose q + 0*q - 28 = 0. Suppose 0 = 5*r + l - 255, 4*r + 5*l + 10 = 214. What is the remainder when r is divided by q?
23
Suppose 3*l - 2*y = -370 + 12, -449 = 4*l + 3*y. Let d = -69 - l. Calculate the remainder when d is divided by 17.
13
Suppose 0 = 12*m + 1673 + 3871. Calculate the remainder when m/(-15) + (12/20)/3 is divided by 3.
1
Suppose 3*m - 93 = 5*w + 43, 2*w = 2*m - 92. Calculate the remainder when 138 is divided by m.
44
Suppose 57*x = 58*x + 2*g - 55, -3*g - 75 = -2*x. Suppose 3*b + 80 = -b. Let j = 4 - b. Calculate the remainder when x is divided by j.
21
Let x = -10 - 100. Let p be ((-4)/8)/(1/x). What is the remainder when 42 is divided by p/(-10)*(0 - 2)?
9
Let c = -132 + 224. Suppose -c = -4*u - 0*u. Calculate the remainder when u is divided by 3.
2
Let i(c) = c**2 + 3*c + 2. Let p be i(-3). Suppose p = 4*b - 6. Suppose -b*u + 48 = -4*v, -2*u + v = -0*u - 36. Calculate the remainder when u is divided by 9.
7
Let j be 1 + 148 - (-2 - -1). What is the remainder when 89 is divided by 9*(j/(-9))/(-5)?
29
Let y be (-2)/((4/6)/(15/45)). What is the remainder when 33 is divided by y/7 - 2106/(-91)?
10
Let w = 92 - 42. Calculate the remainder when w is divided by 41.
9
Suppose 3*b + 83 = 4*z, -3*b - 106 = -0*z - 5*z. Suppose i - 4*k - z = k, 5*k + 35 = 5*i. What is the remainder when 10 is divided by i?
1
Calculate the remainder when 239 is divided by 2050/123*9/5.
29
Let q = 693 + -684. What is the remainder when 13 is divided by q?
4
Suppose 5*p + 5*s + 37 = 2*p, 15 = -p + s. Let g be (p/6 + 3)*-3. Calculate the remainder when (0 + 7)/(g/(-20)) is divided by 18.
16
Calculate the remainder when 1484 is divided by (1/2)/(2/(-30))*-2.
14
Let b(o